{"id":192,"date":"2018-11-25T17:51:06","date_gmt":"2018-11-25T17:51:06","guid":{"rendered":"http:\/\/scopiomagazine.pt\/photography-contest\/?page_id=192"},"modified":"2020-09-22T15:50:01","modified_gmt":"2020-09-22T15:50:01","slug":"contacts","status":"publish","type":"page","link":"http:\/\/scopiomagazine.pt\/photography-contest\/index.php\/contacts\/","title":{"rendered":"CONTACTS"},"content":{"rendered":"<div id=\"modal-ready\"><p>[vc_row full_width=&#8221;stretch_row&#8221; css=&#8221;.vc_custom_1543167753339{background-color: #f4f3f2 !important;}&#8221;][vc_column width=&#8221;1\/6&#8243;][\/vc_column][vc_column width=&#8221;2\/6&#8243;][vc_column_text el_id=&#8221;texto-contactos&#8221;]<strong>OUR OFFICE<\/strong><br \/>\nCCRE &#8211; <a href=\"http:\/\/www.ceau.arq.up.pt\/grupo.asp?id=2\" target=\"_blank\" rel=\"noopener\">Centro de Comunica\u00e7\u00e3o e Representa\u00e7\u00e3o Espacial<\/a><br \/>\nFaculdade de Arquitectura da Universidade do Porto<br \/>\nVia Panor\u00e2mica S\/N, 4150-755<br \/>\nPorto, Portugal<\/p>\n<p><strong>CONTACTS<\/strong><br \/>\n<a href=\"mailto:info.ccre@arq.up.pt\" target=\"_blank\" rel=\"noopener noreferrer\" data-auth=\"NotApplicable\">info.ccre@arq.up.pt<\/a><br \/>\nTel: +351 226 057 100<br \/>\nFax: +351 226 057 199<\/p>\n<p><strong>VIEWFINDER<\/strong><br \/>\n<a href=\"mailto:info@scopiomagazine.com\" target=\"_blank\" rel=\"noopener noreferrer\" data-auth=\"NotApplicable\">info@scopiomagazine.com<\/a><\/p>\n<p><strong>Publisher<br \/>\n<\/strong>Cityscopio &#8211; Associa\u00e7\u00e3o Cultural<br \/>\nRua da Cidreira 291, 4465-076 Matosinhos<br \/>\nPortugal<br \/>\n<a href=\"mailto:info@cityscopio.com\" target=\"_blank\" rel=\"noopener noreferrer\" data-auth=\"NotApplicable\">info@cityscopio.com<\/a><\/p>\n<p><strong>Editorial and advisory board<\/strong><br \/>\n<a href=\"http:\/\/www.ceau.arq.up.pt\/grupo.asp?id=2\" target=\"_blank\" rel=\"noopener noreferrer\" data-auth=\"NotApplicable\">CCRE: Centro de Comunica\u00e7\u00e3o e Representa\u00e7\u00e3o Espacial<\/a><br \/>\nFaculdade de Arquitectura da Universidade do Porto<br \/>\nVia Panor\u00e2mica S\/N, 4150-755 Porto, Portugal[\/vc_column_text][\/vc_column][vc_column width=&#8221;2\/6&#8243;][lab_contact_form show_subject_field=&#8221;&#8221; alert_errors=&#8221;&#8221; enable_recaptcha=&#8221;yes&#8221;][\/vc_column][vc_column width=&#8221;1\/6&#8243;][\/vc_column][\/vc_row][vc_row][vc_column width=&#8221;1\/6&#8243;][\/vc_column][vc_column width=&#8221;2\/3&#8243;][vc_empty_space height=&#8221;60px&#8221;][vc_row_inner][vc_column_inner][vc_column_text el_class=&#8221;texto-rodape&#8221;]ORGANIZA\u00c7\u00c3O | ORGANIZATION[\/vc_column_text][\/vc_column_inner][\/vc_row_inner][vc_row_inner][vc_column_inner width=&#8221;1\/3&#8243; el_id=&#8221;logoccre&#8221;][vc_single_image image=&#8221;46&#8243; img_size=&#8221;full&#8221;][\/vc_column_inner][vc_column_inner width=&#8221;1\/3&#8243; el_id=&#8221;logocompetefct&#8221;][vc_single_image image=&#8221;164&#8243; img_size=&#8221;full&#8221;][\/vc_column_inner][vc_column_inner width=&#8221;1\/3&#8243; el_id=&#8221;logopporto&#8221;][vc_single_image image=&#8221;50&#8243; img_size=&#8221;full&#8221;][\/vc_column_inner][\/vc_row_inner][vc_row_inner][vc_column_inner][vc_column_text el_class=&#8221;texto-rodape&#8221;]PARCEIROS | PARTNERS[\/vc_column_text][\/vc_column_inner][\/vc_row_inner][vc_row_inner][vc_column_inner width=&#8221;1\/6&#8243;][vc_single_image image=&#8221;167&#8243; img_size=&#8221;full&#8221;][\/vc_column_inner][vc_column_inner width=&#8221;1\/6&#8243;][vc_single_image image=&#8221;51&#8243;][\/vc_column_inner][vc_column_inner width=&#8221;1\/6&#8243;][vc_single_image image=&#8221;52&#8243; img_size=&#8221;full&#8221;][\/vc_column_inner][vc_column_inner width=&#8221;1\/6&#8243;][vc_single_image image=&#8221;53&#8243;][\/vc_column_inner][vc_column_inner width=&#8221;1\/6&#8243;][\/vc_column_inner][vc_column_inner width=&#8221;1\/6&#8243;][\/vc_column_inner][\/vc_row_inner][\/vc_column][vc_column width=&#8221;1\/6&#8243;][\/vc_column][\/vc_row]<\/p>\n<\/div>","protected":false},"excerpt":{"rendered":"<p>[vc_row full_width=&#8221;stretch_row&#8221; css=&#8221;.vc_custom_1543167753339{background-color: #f4f3f2 !important;}&#8221;][vc_column width=&#8221;1\/6&#8243;][\/vc_column][vc_column width=&#8221;2\/6&#8243;][vc_column_text el_id=&#8221;texto-contactos&#8221;]OUR OFFICE CCRE &#8211; Centro de Comunica\u00e7\u00e3o e Representa\u00e7\u00e3o Espacial Faculdade de Arquitectura da Universidade do Porto Via Panor\u00e2mica S\/N, 4150-755 Porto, Portugal CONTACTS info.ccre@arq.up.pt Tel: +351 226 057 100 Fax: +351 226 057 199 VIEWFINDER info@scopiomagazine.com Publisher Cityscopio &#8211; Associa\u00e7\u00e3o Cultural Rua da Cidreira 291, 4465-076 Matosinhos&hellip;<\/p>\n","protected":false},"author":1,"featured_media":0,"parent":0,"menu_order":0,"comment_status":"closed","ping_status":"closed","template":"","meta":[],"_links":{"self":[{"href":"http:\/\/scopiomagazine.pt\/photography-contest\/index.php\/wp-json\/wp\/v2\/pages\/192"}],"collection":[{"href":"http:\/\/scopiomagazine.pt\/photography-contest\/index.php\/wp-json\/wp\/v2\/pages"}],"about":[{"href":"http:\/\/scopiomagazine.pt\/photography-contest\/index.php\/wp-json\/wp\/v2\/types\/page"}],"author":[{"embeddable":true,"href":"http:\/\/scopiomagazine.pt\/photography-contest\/index.php\/wp-json\/wp\/v2\/users\/1"}],"replies":[{"embeddable":true,"href":"http:\/\/scopiomagazine.pt\/photography-contest\/index.php\/wp-json\/wp\/v2\/comments?post=192"}],"version-history":[{"count":8,"href":"http:\/\/scopiomagazine.pt\/photography-contest\/index.php\/wp-json\/wp\/v2\/pages\/192\/revisions"}],"predecessor-version":[{"id":1073,"href":"http:\/\/scopiomagazine.pt\/photography-contest\/index.php\/wp-json\/wp\/v2\/pages\/192\/revisions\/1073"}],"wp:attachment":[{"href":"http:\/\/scopiomagazine.pt\/photography-contest\/index.php\/wp-json\/wp\/v2\/media?parent=192"}],"curies":[{"name":"wp","href":"https:\/\/api.w.org\/{rel}","templated":true}]}}